*2 + s + 1. Calculate the remainder when h(-1) is divided by t.
32
Let s = 181 + -157. Let c(g) = -14*g**2 + 11*g - 2. Let v(b) = 9*b**2 - 7*b + 1. Let u(j) = 5*c(j) + 8*v(j). Calculate the remainder when s is divided by u(3).
11
Suppose 0 = 2*z - 7*z + 25. Suppose -4*o + 4*i + 96 = o, -101 = -z*o - i. Calculate the remainder when 79 is divided by o.
19
Suppose 2*c - 66 = -0*c. Suppose 0*k + 53 - 245 = -2*k. What is the remainder when k is divided by c?
30
Let l(j) = -j**3 - 7*j**2 + 5*j - 11. Let d = -3 + 6. Suppose -d = -4*o - 35. What is the remainder when 50 is divided by l(o)?
11
Suppose 0 = -5*o - 0*o + 975. What is the remainder when o is divided by 49?
48
Suppose 0 = 4*m + 5*u - 644, 2*m - u + 243 - 565 = 0. Calculate the remainder when m is divided by 18.
17
Let w = -2207 + 2222. What is the remainder when 2293 is divided by w?
13
Let i(d) = 9*d + 29. Calculate the remainder when 55 is divided by i(-1).
15
What is the remainder when ((-2848)/72)/(4/(-18)) is divided by 3?
1
Suppose -2*b = 3*o - 14, o + 3*b = -0*o - 7. Let n = 100 + o. What is the remainder when n is divided by 28?
24
Let d = -17 - 8. What is the remainder when (-3590)/d - 12/(-30) is divided by 49?
46
Calculate the remainder when -23*(36/(-6) - -4) is divided by 26.
20
Let o be -12*(-1 + 0 + 0). What is the remainder when 63 is divided by ((-2 - -3) + o)/1?
11
Suppose 2*h = 4*k - 18, 3*k + 5*h + 0*h - 7 = 0. Suppose -3*i = i - k*j - 520, -2*i - 4*j + 230 = 0. Calculate the remainder when i is divided by 9.
8
Let u(l) = -l**3 - l**2 + 2*l. Let g be u(-3). Suppose -14*h + 152 - g = 0. What is the remainder when 46 is divided by h?
6
Suppose -b - 10 + 28 = 0. Let v be 16/(-72) + 76/b. Suppose 0 = 2*o + 2*p - 22, -o + v*p = -0*p - 21. What is the remainder when o is divided by 9?
4
Let d = 9 + 21. What is the remainder when 114 is divided by d?
24
Suppose 2*l - 5*l + 63 = 0. Suppose 3*i - 15 = 2*t - 0*i, -t - 18 = -5*i. Calculate the remainder when l is divided by (3/(-1))/(t/8).
5
Calculate the remainder when (-218)/1853 - (-1753)/17 is divided by (-4)/(4/(-13)) - 0.
12
Suppose -646 = 31*q - 33*q + 5*x, -3*x - 323 = -q. Calculate the remainder when q is divided by 107.
2
Suppose -2*h = -8*h - 540. Let r be ((-6)/18)/(2/h). Let j = 55 - r. What is the remainder when j is divided by 14?
12
Let a = -11 - -12. What is the remainder when 33 is divided by -2 + -1 + (16 - a)?
9
Suppose c + 12 = 23. Suppose 0 = -5*m + 41 - c. Let f = -15 - -50. Calculate the remainder when f is divided by m.
5
Suppose -2*n - n = -5*i + 108, 4*n + 2*i + 118 = 0. Let k = -28 - n. Suppose -4*g - 14 + 54 = 0. What is the remainder when g is divided by k?
1
Let u be (24 - 4)*(-3 - 1/(-1)). Let m = u - -46. What is the remainder when 11 is divided by m?
5
Suppose 0 = y - 9 + 1. Suppose y = -6*q - 10. Let l = 16 + q. What is the remainder when 35 is divided by l?
9
Let g(b) = b**2 + 23*b - 52. Let f be ((-39)/3 + -5)*(-6)/(-4). Calculate the remainder when g(f) is divided by 12.
8
Let j be 10950/(-105) + 4/14. Let z = j - -167. Let b = z - 41. Calculate the remainder when b is divided by 8.
6
Let a = 2702 + -2671. Calculate the remainder when a is divided by (2 + -1)/((-1)/(-16)).
15
Calculate the remainder when 435*((-506)/(-55) - 9) is divided by 1*(-5)/((-10)/44).
21
Let i be (-1)/((-2)/232*2). Suppose 5*f = 3*f + i. Calculate the remainder when f is divided by 10.
9
Suppose -4*d + 13*c = 17*c - 216, -3*d + 164 = 2*c. Calculate the remainder when d is divided by 17.
5
Let k = 6 + -8. Let n be k/(-9) + (-64)/(-36). Let v(y) = y**3 - y**2 + 2*y + 1. Calculate the remainder when 33 is divided by v(n).
6
Let x = 54 - 46. Let r be (6/(-4) + 2)*6. Suppose -52 = -7*n + r*n. Calculate the remainder when n is divided by x.
5
Suppose 10*b - 5*b = 0. Suppose -14*d + 19*d - 230 = b. Calculate the remainder when d is divided by 17.
12
Let h be 2 - 5 - 2/2. Let z be (4 + h)*(-2)/(-4). Let l = z - -6. Calculate the remainder when l is divided by 3.
0
Suppose -r + w - 2 - 1 = 0, 3*r + w = -13. What is the remainder when 68 is divided by (-6)/r*(-230)/(-15)?
22
Let i = 21 - 14. Suppose -3*g + 66 = 5*r, r + 3*g - i = -1. What is the remainder when 44 is divided by r?
14
Suppose 29*h - 7617 + 1266 = 0. Calculate the remainder when h is divided by 32.
27
Let k = 227 + -219. What is the remainder when k is divided by 5*2*(-3)/(-6)?
3
What is the remainder when (10 + -6)/4 + 64 is divided by 15?
5
Let c(t) = 2*t - 8. Let g(m) = -m - 1. Let o(r) = -c(r) - 3*g(r). Let a be o(-12). Calculate the remainder when 30 is divided by 2*(a + (7 - 2)).
6
Let i = -414 - -737. Suppose -4*r = 95 - i. Calculate the remainder when r is divided by 20.
17
Let m = 92 + -49. Suppose -g - 14*g + 435 = 14*g. What is the remainder when m is divided by g?
13
Suppose -457 = -4*m - 313. What is the remainder when 142 is divided by m?
34
What is the remainder when 40 is divided by (22/(-33))/(2/9)*-3?
4
Let v = -118 + 34. What is the remainder when 53 is divided by 3*-3*v/54?
11
Suppose 3*p - 5*t - 86 = 0, -p + 24 = -5*t + t. Let k(y) be the first derivative of -61*y**2/2 - 1. What is the remainder when k(-1) is divided by p?
29
Calculate the remainder when 68 is divided by ((-2)/9*-3)/(42/1575).
18
Let z = 1181 - 1168. Suppose -4*d + 2*d - 66 = -2*j, 0 = 3*j + 4*d - 127. Calculate the remainder when j is divided by z.
11
Let w = -533 - -562. Calculate the remainder when 240 is divided by w.
8
Let y(l) = -l**3 + 4*l**2 - 4*l + 2. Let k be (-1)/((-4)/(-8)) - -6. Let c be y(k). What is the remainder when 25 is divided by 260/28 - (-4)/c?
7
Let b(d) = d**3 - 5*d**2 + 4*d + 3. Let q be b(4). Suppose -q*n - z = 40, -2*z - 4 = -z. Calculate the remainder when (-369)/n + 2/8 is divided by 16.
15
Let b(q) = q + 21. Let u be b(-13). Suppose w = 5*w - u. Let f(s) = s**2 - s + 4. What is the remainder when 7 is divided by f(w)?
1
What is the remainder when 26 is divided by (-1 - 1)/(22/(-231))?
5
Suppose -38*m = -59*m + 1659. Calculate the remainder when m is divided by 57.
22
Let k = -7 + 4. Let d(g) = g**3 + 4*g**2 - 2*g + 2. Suppose -3975*y = -3972*y - 201. What is the remainder when y is divided by d(k)?
16
Let f(y) = -y**3 + 10*y**2 + 6. Let q be (19 + -22)*32/(-6). Let d = 30 - q. Calculate the remainder when d is divided by f(10).
2
Let q(w) = -76*w + 16. What is the remainder when q(-9) is divided by 54?
52
Suppose 0 = 4*f + 12, 13*q + 474 = 16*q - f. What is the remainder when q is divided by 32?
29
Let q be (-54)/15*10/4. Let a(x) = -2*x - 14. Let h be a(q). Let w = 11 + h. What is the remainder when 27 is divided by w?
12
Let g = 17 - 12. What is the remainder when 59 is divided by (-109)/(-5) + 1/g?
15
Let t(b) = -b**3 + 20*b**2 - b + 39. Calculate the remainder when 208 is divided by t(20).
18
Suppose 0 = 9*i - 39 - 24. Suppose 0*z - 315 = -5*o - z, -5*z + 87 = o. Suppose 6*s + 46 = 2*y + s, 2*y - s = o. What is the remainder when y is divided by i?
5
Let l be (5 + 1)/(-7 - 93/(-12)). Suppose -3*i + s = -15 - 29, 0 = i - 2*s - l. What is the remainder when 45 is divided by i?
13
Let p(m) = -33*m**3. Let v be p(-1). Suppose -k = -6*k - 4*s + 101, k + 4*s = v. What is the remainder when 30 is divided by k?
13
Suppose -14*o + 3714 = 228. What is the remainder when o is divided by 57?
21
Suppose -3*w - a = -40 + 13, w - 3*a = 19. Let l(r) be the second derivative of r**3/3 - 17*r**2/2 + r. What is the remainder when 7 is divided by l(w)?
1
Suppose 4*m = -4*m + 32. Let z(d) = -d**2 - 9*d + 4. What is the remainder when z(-8) is divided by m?
0
Let z(l) = -l**3 - 8*l**2 - 21*l - 8. What is the remainder when 59 is divided by z(-3)?
9
Let s be 82/26 - (-4)/(-26). Suppose 8*b - 410 = s*b. Suppose -2*v - 2*l + 57 = l, v = -4*l + 41. What is the remainder when b is divided by v?
19
Let o = 14 - -9. Let a(j) = 2*j**2 - 25*j + 31. Calculate the remainder when a(13) is divided by o.
21
Let l(v) = 8*v**2 - 6*v + 1 + 2*v - v. Let o(f) = -7*f**2 + 4*f. Let w(u) = -6*l(u) - 7*o(u). Calculate the remainder when w(-5) is divided by 5.
4
Suppose -4*o + 0 + 32 = 0. Let l = o + -5. Let s(x) = x**3 + 23*x**2 + 43*x + 30. What is the remainder when s(-21) is divided by l?
0
Suppose 31 - 15 = 4*g. Suppose -5*j = -g*j - 5. What is the remainder when 11 is divided by 